23. Let p be d(-7). What is the units digit of (o + -5)*(-44)/p?
1
Let h be (-7)/(-2)*(-2 - -6). What is the tens digit of h - 1*((-1 - -1) + -1)?
1
Let q(n) = 2*n**2 - 11*n + 6. Let f be q(8). Let j = 248 - 151. Let s = j - f. What is the units digit of s?
1
Suppose 102*r - 1457581 + 101491 = 0. What is the ten thousands digit of r?
1
Let s(f) = 317*f**2 + 2*f - 1. Let u be s(1). Suppose -14*j + 1526 = -4886. Let n = j - u. What is the units digit of n?
0
Let q(t) = -166*t - 55. Let k be q(-4). Suppose -17*f - k = -20*f. What is the units digit of f?
3
Let w = 212 - 206. Suppose -w*u - 5 + 1367 = 0. What is the tens digit of u?
2
Let t(l) = l**3 - 12*l**2 + 13*l - 1. Let n be t(11). Suppose -22*j + 58 = -n*j. What is the tens digit of j?
5
Let n(y) = 132*y - 6. Let t be n(4). Let j = -157 + t. Let q = 590 - j. What is the hundreds digit of q?
2
Let a(j) = -4*j - 13. Let l(p) = 19*p + 65. Let z(n) = 11*a(n) + 2*l(n). Let q be z(-8). Suppose 5*t = -2*i + i + q, -3*t - 12 = 0. What is the tens digit of i?
5
What is the thousands digit of (-2)/(-3) - 72/189 - (-11310)/7?
1
Let j = 1886 + -1226. Suppose -2*v + 22 = 14, 4*v = -2*q + j. What is the units digit of q?
2
Let r(w) = w**2 + 10*w - 22. Let n be r(-12). Let c(d) = -14*d**2 + 33*d**n - 18*d**2 + 5 + 3*d + 5. What is the tens digit of c(-5)?
2
Let t(x) = -x**2 - 7*x + 446. Let f(o) = -1. Let a(d) = 5*f(d) + t(d). What is the hundreds digit of a(0)?
4
Let o = -13013 + 20226. What is the tens digit of o?
1
Let b = -5417 - -15186. What is the tens digit of b?
6
Let s(n) = -2*n**2 - 11*n - 5. Let q be s(-4). Let d(u) = u - 5. Let f be d(q). Suppose -6 = -2*w, -k + 18 = 3*w - f*w. What is the tens digit of k?
1
Suppose 3*h + 17 = 4*l, -10*l + 14*l - 2*h - 14 = 0. Suppose 1040 = l*p + 5*m - m, 2*p = 3*m + 1075. What is the units digit of p?
0
Let v = -9066 + 13797. What is the hundreds digit of v?
7
Suppose 6361 + 156465 = 14*c + 2778. What is the tens digit of c?
3
Let g = 49 - 35. Let t = g + -9. What is the tens digit of t*-2*42/(-12)?
3
Let k = -1468 + 3192. Suppose 0 = 10*m - 6*m - k. What is the hundreds digit of m?
4
Suppose -104696 = 13*z - 36*z + 62606. What is the tens digit of z?
7
What is the tens digit of (2*1)/((-250)/(-4329625))?
3
Suppose 0 = 5*w - 5*b + 55, -2*b + 47 = -3*w + 13. What is the hundreds digit of (9/w + (-2)/8)*-176?
1
Suppose 115*z = 47*z + 1927643 + 1645485. What is the ten thousands digit of z?
5
Suppose -13*p + 11 + 496 = 0. What is the units digit of 24154/p + (-1)/3?
9
Let n = 24318 + -16588. What is the units digit of n?
0
Suppose 157*a - 1401523 = 305*a - 5042323. What is the tens digit of a?
0
Let g = -64059 - -115118. What is the hundreds digit of g?
0
Let i = -3947 - -5513. What is the tens digit of i?
6
Let n = 46 - 42. Suppose -n*h = 3*t + 1687 + 9419, 0 = 5*h - 5*t + 13865. What is the units digit of 1 - -1 - h/25?
3
What is the thousands digit of ((-683)/2)/((-35)/5180)?
0
Let i(q) be the second derivative of -16*q**3/3 + 39*q**2/2 - q. What is the tens digit of i(-2)?
0
Let j(c) = 14*c - 37. Let w(m) = -14*m + 39. Let y(d) = -4*j(d) - 3*w(d). What is the hundreds digit of y(-16)?
2
Suppose -5 = -5*h, -5*h = 3*p + 4 - 30. Suppose p*u = 5*u - 2*u. Suppose g + 28 - 30 = u. What is the units digit of g?
2
Let t(y) be the second derivative of -y**3/3 - y**2/2 + 18*y. Let u be t(-2). Suppose 0 = u*b - 337 + 85. What is the tens digit of b?
8
Let i = -6 - -10. Let u = -499 - -515. What is the tens digit of u*(-1 + i + 9)?
9
Suppose -5*r - 11*t + 155 = -14*t, 10 = -2*t. Let z = r - 20. What is the units digit of z?
8
Let l = 202017 + -131528. What is the thousands digit of l?
0
What is the tens digit of 27912/21 - 10/70?
2
Let h(z) = 76 - 77 + 9*z + 5*z**2 - 2*z**2 - 2*z**2. What is the units digit of h(7)?
1
Suppose 5*h - 182 - 73 = 0. Let m = h + 84. What is the tens digit of m?
3
Let i = -190 - -181. Let r(t) = -19*t + 90. What is the tens digit of r(i)?
6
Suppose 0 = -3*a + 11 + 13. Suppose -1144 = -2*c + 2*l, -a*l + 3*l = -4*c + 2286. What is the units digit of c?
4
Let f(p) = 158*p + 5966. What is the tens digit of f(36)?
5
What is the tens digit of -22815*16/200*-5?
2
Let x(u) = u**2 - 13*u + 39. Let j be x(7). What is the hundreds digit of 6/4*-1702*1/j?
8
Let f(u) = 144*u**2 + 722*u + 10. What is the hundreds digit of f(-8)?
4
Let x be (6 - 396/60)*-5. Suppose 2*y = -3*f - 3*y + 24, 0 = -5*f - 5*y + 30. What is the tens digit of f*1/(x/69)?
6
Let p be (-2068)/(-5) - (-3)/(75/10). Suppose -p = -3*q + 5*i, -4*q + 354 + 172 = 2*i. What is the hundreds digit of q?
1
Suppose -13*h = -239 - 203. Let o(m) = m**3 - 32*m**2 - 55*m + 79. What is the tens digit of o(h)?
2
Let y = 16 - 14. Suppose 13 + 15 = -2*f. What is the tens digit of f/28 - (-23)/y?
1
Suppose -1554 = -m + 4*c, -239*m = -235*m + 2*c - 6144. What is the thousands digit of m?
1
Let k(y) = 39 + 45 - 89 + 48 - 9*y. Suppose 3*z + w + 2*w + 72 = 0, -8 = 2*w. What is the units digit of k(z)?
3
Let f = -246 - -1255. Suppose 0 = 4*x - 2*a - 1648, -a + f = 3*x - 222. What is the tens digit of x?
1
Let r be (36/(-15))/((-3)/(-135)). Let w(p) = p**3 + 17*p**2 - 10*p + 28. Let n be w(-17). Let s = r + n. What is the units digit of s?
0
Suppose 0 = 24*y - 244343 + 87767. What is the tens digit of y?
2
Let v(n) = n**2 + 5*n - 12. Let h be v(-7). Suppose h*b + 2*o + 38 = 0, -32 = 4*b - 5*o - 1. What is the tens digit of -2 + 4 - (b - 177)?
9
Suppose 4*s = 3*i + 2*i + 10, 4*s + 50 = -5*i. Let v be -3 - ((-3)/(-1) + 12/i). Let t(d) = -d**2 - 9*d - 10. What is the units digit of t(v)?
0
Suppose -4*n = g - n - 2, -5*g + 4*n + 67 = 0. Let l be (-1606)/g*(3/2)/1. Let i = 330 + l. What is the hundreds digit of i?
1
Let g be (-15)/(210/(-32)) - 4/14. Suppose -g*r - 107 = -921. What is the units digit of r?
7
What is the thousands digit of (6 - (0 + 13/2))/((-2)/35300)?
8
Let v(c) = 4*c**2 + 5*c + 10. Let z be (-3)/4 + 297/44. Suppose -3*y = z*y + 45. What is the units digit of v(y)?
5
Suppose y - m + 1900 = 0, -5*m + 5708 = 13*y - 16*y. What is the units digit of (3*(-1)/6)/(4/y)?
7
Let f be 2/(-8) + (-441)/(-36). Suppose 0 = -2*u + 4*u - f. What is the tens digit of u/(-5)*(-255)/6?
5
Let u be 8/(-36) + 221728/(-144). Let l = u + 3239. What is the thousands digit of l?
1
Let s = -49 - -172. Let w = 182 - s. Let p = -52 + w. What is the units digit of p?
7
Suppose z - l = -z + 413, 4*z = -4*l + 808. Let w = z - -131. Suppose -w = -3*o - 5*d, 0 = 5*o + 2*d - 0*d - 579. What is the tens digit of o?
1
Let h = -195 - -899. What is the units digit of 0 + h - (0/(-1) + 5)?
9
What is the thousands digit of 4/26 + (95308/(-26))/(-2)?
1
Let j be -1 + 4 - (-3 + 2)*0. Let t be (-2)/4 + j + (-1236)/(-8). Suppose -p = -t - 3. What is the hundreds digit of p?
1
Let n = -74 + -36. Let w = 347 + n. Suppose 2*r + r - w = 3*v, 409 = 5*r + 2*v. What is the units digit of r?
1
Suppose -19*u + 19329 = -17*u - 5*l, 6*u - 5*l = 57957. What is the hundreds digit of u?
6
Suppose -i - 5*i = -23406. Suppose 1171 = -13*m + i. Suppose 2*h - m = -0*h. What is the tens digit of h?
0
Let l(m) = m - 8. Let k be l(-5). Let c = 17 + k. Suppose 0*f + 72 = c*f. What is the tens digit of f?
1
Let u = 90 + -65. Let g(f) = u - 11 + 23 + f**2 + 1 - 2*f. What is the tens digit of g(14)?
0
Suppose 3*l + 3*s - 54 - 30 = 0, -5*l + s = -158. Suppose 8 = 2*p + 2*p. Suppose f - p*j = 32, 0*j - l = -f + j. What is the units digit of f?
0
What is the tens digit of 9797/4 - (-27)/42*(-84)/(-72)?
5
Let k be 2/((-4 + 3)*(-10)/(-2215)). Let z = 134 - k. What is the hundreds digit of z?
5
Suppose 1168336 = 1522*b - 1385*b. What is the hundreds digit of b?
5
Let f(p) = -p**3 + 16*p**2 + 14*p - 47. Let b be f(8). Let k = b + -182. What is the hundreds digit of k?
3
Let n(k) = -924*k + 101. What is the units digit of n(-5)?
1
Let r = -290 + 296. What is the hundreds digit of 11128/39*9/r?
4
Let r = 16 - 10. Let n be 0 + 4 + (-9 + 12 - 4). Suppose -r*t - 5*b = -n*t - 292, -3*b = -5*t + 464. What is the units digit of t?
4
Let u be (-9)/6*(1 + -3). Suppose u + 465 = 4*n. What is the hundreds digit of n?
1
Let f(i) = 73*i - 33. Let j(r) = -73*r + 33. Let k(p) = -2*f(p) - 3*j(p). Let q be k(5). Suppose 4*t - 432 - q = 0. What is the units digit of t?
1
Let c(x) = 3*x**3 -